{"id":324,"date":"2021-10-17T19:28:03","date_gmt":"2021-10-17T19:28:03","guid":{"rendered":"http:\/\/localhost\/forcomm\/?page_id=324"},"modified":"2021-11-15T21:42:59","modified_gmt":"2021-11-15T21:42:59","slug":"formations-certifiantes","status":"publish","type":"page","link":"https:\/\/webmaster.bmperp.com\/index.php\/formations-certifiantes\/","title":{"rendered":"Formations Certifiantes"},"content":{"rendered":"\t\t<div data-elementor-type=\"wp-page\" data-elementor-id=\"324\" class=\"elementor elementor-324\" data-elementor-settings=\"[]\">\n\t\t\t\t\t\t\t<div class=\"elementor-section-wrap\">\n\t\t\t\t\t\t\t<section class=\"elementor-section elementor-top-section elementor-element elementor-element-7ef4209 elementor-section-full_width elementor-section-stretched elementor-section-height-default elementor-section-height-default\" data-id=\"7ef4209\" data-element_type=\"section\" data-settings=\"{&quot;stretch_section&quot;:&quot;section-stretched&quot;,&quot;background_background&quot;:&quot;classic&quot;}\">\n\t\t\t\t\t\t<div class=\"elementor-container elementor-column-gap-default\">\n\t\t\t\t\t<div class=\"elementor-column elementor-col-100 elementor-top-column elementor-element elementor-element-847f313\" data-id=\"847f313\" data-element_type=\"column\" data-settings=\"{&quot;background_background&quot;:&quot;classic&quot;}\">\n\t\t\t<div class=\"elementor-widget-wrap elementor-element-populated\">\n\t\t\t\t\t\t\t\t<div class=\"elementor-element elementor-element-1e25627 elementor-headline--style-highlight elementor-widget elementor-widget-animated-headline\" data-id=\"1e25627\" data-element_type=\"widget\" data-settings=\"{&quot;highlighted_text&quot;:&quot;Certifiantes&quot;,&quot;headline_style&quot;:&quot;highlight&quot;,&quot;marker&quot;:&quot;circle&quot;,&quot;loop&quot;:&quot;yes&quot;,&quot;highlight_animation_duration&quot;:1200,&quot;highlight_iteration_delay&quot;:8000}\" data-widget_type=\"animated-headline.default\">\n\t\t\t\t<div class=\"elementor-widget-container\">\n\t\t\t\t\t<h3 class=\"elementor-headline\">\n\t\t\t\t\t<span class=\"elementor-headline-plain-text elementor-headline-text-wrapper\">Formations<\/span>\n\t\t\t\t<span class=\"elementor-headline-dynamic-wrapper elementor-headline-text-wrapper\">\n\t\t\t\t\t<span class=\"elementor-headline-dynamic-text elementor-headline-text-active\">Certifiantes<\/span>\n\t\t\t\t<\/span>\n\t\t\t\t<\/h3>\n\t\t\t\t<\/div>\n\t\t\t\t<\/div>\n\t\t\t\t\t<\/div>\n\t\t<\/div>\n\t\t\t\t\t\t\t<\/div>\n\t\t<\/section>\n\t\t\t\t<section class=\"elementor-section elementor-top-section elementor-element elementor-element-533d779 elementor-section-stretched elementor-section-boxed elementor-section-height-default elementor-section-height-default\" data-id=\"533d779\" data-element_type=\"section\" data-settings=\"{&quot;stretch_section&quot;:&quot;section-stretched&quot;}\">\n\t\t\t\t\t\t<div class=\"elementor-container elementor-column-gap-default\">\n\t\t\t\t\t<div class=\"elementor-column elementor-col-50 elementor-top-column elementor-element elementor-element-6584971\" data-id=\"6584971\" data-element_type=\"column\">\n\t\t\t<div class=\"elementor-widget-wrap elementor-element-populated\">\n\t\t\t\t\t\t\t\t<div class=\"elementor-element elementor-element-a5c64a2 elementor-drop-cap-yes animated-slow elementor-drop-cap-view-default elementor-invisible elementor-widget elementor-widget-text-editor\" data-id=\"a5c64a2\" data-element_type=\"widget\" data-settings=\"{&quot;drop_cap&quot;:&quot;yes&quot;,&quot;_animation&quot;:&quot;fadeInDown&quot;}\" data-widget_type=\"text-editor.default\">\n\t\t\t\t<div class=\"elementor-widget-container\">\n\t\t\t\t\t\t\t<h6>La formation est aujourd&#8217;hui un sujet cl\u00e9 pour la r\u00e9ussite. Notre offre de formation s&#8217;adresse \u00e0 toute personne et \u00e0 toute entreprise d\u00e9sireuse d&#8217;acqu\u00e9rir ou d&#8217;approfondir des comp\u00e9tences, des savoirs et des savoir-faire. Nous proposons des formations titre du minist\u00e8re de l&#8217;emploi, aboutissant \u00e0 une qualification. Ces formations sont toutes \u00e9ligibles au CPF<\/h6><p>Ces formations peuvent se r\u00e9aliser en continu ou en alternance dans le cadre d&#8217;un contrat de professionnalisation .<\/p><h2>Nos Titres Professionnels :<\/h2><ul><li><a title=\"Titre Professionnel Gestionnaire de paie-option RH niveau III\" href=\"https:\/\/www.activ-recrutement-formation.fr\/titre-professionnel-gestionnaire-de-paie-option-rh.html\" target=\"_self\">Titre Professionnel Gestionnaire de paie-option RH niveau 5\u00a0<\/a><\/li><li><a title=\"Titre Professionnel Assistant Ressources Humaines option Paie Niveau III\" href=\"https:\/\/www.activ-recrutement-formation.fr\/titre-professionnel-assistant-e-ressources-humaines-option-paie.html\" target=\"_self\">Titre Professionnel Assistant Ressources Humaines option Paie Niveau 5\u00a0<\/a><\/li><li><a title=\"Titre Professionnel Formateur(trice) professionnel(le) pour adultes Niveau III\" href=\"https:\/\/www.activ-recrutement-formation.fr\/titre-professionnel-formateur-trice-professionnel-le-adultes.html\" target=\"_self\">Titre Professionnel Formateur(trice) professionnel(le) pour adultes Niveau 5\u00a0<\/a><\/li><li><a title=\"Titre Professionnel Concepteur Developpeur Informatique Niveau II\" href=\"https:\/\/www.activ-recrutement-formation.fr\/1022.html\" target=\"_self\">Titre Professionnel\u00a0<\/a><a title=\"Titre Professionnel\u00a0Conseiller\/\u00e8re en Insertion professionnelle Niveau III\" href=\"https:\/\/www.activ-recrutement-formation.fr\/titre-professionnel-conseiller-ere-en-insertion-professionnelle.html\" target=\"_self\">Conseiller\/\u00e8re en Insertion professionnelle Niveau 5\u00a0<\/a><\/li><li><a title=\"Titre professionnel Vendeur(se) Conseil en Magasin Niveau IV\" href=\"https:\/\/www.activ-recrutement-formation.fr\/titre-professionnel-vendeur-se-conseil-en-magasin.html\" target=\"_self\">Titre professionnel Vendeur(se) Conseil en Magasin Niveau 4\u00a0<\/a><\/li><li><a title=\"Titre professionnel Responsable petite et moyenne structure Niveau 5\" href=\"https:\/\/www.activ-recrutement-formation.fr\/titre-professionnel-responsable-petite-et-moyenne-structure.html\" target=\"_self\">Titre professionnel Responsable petite et moyenne structure Niveau 5<\/a><\/li><li><a title=\"Titre professionnel Conseiller Commercial Niveau 4\" href=\"https:\/\/www.activ-recrutement-formation.fr\/titre-professionnel-conseiller-commercial.html\" target=\"_self\">Titre professionnel Conseiller Commercial Niveau 4<\/a><\/li><\/ul><h2>Cette formation vous int\u00e9resse ?<\/h2>\t\t\t\t\t\t<\/div>\n\t\t\t\t<\/div>\n\t\t\t\t\t<\/div>\n\t\t<\/div>\n\t\t\t\t<div class=\"elementor-column elementor-col-50 elementor-top-column elementor-element elementor-element-d2369fc elementor-invisible\" data-id=\"d2369fc\" data-element_type=\"column\" data-settings=\"{&quot;background_background&quot;:&quot;classic&quot;,&quot;animation&quot;:&quot;fadeInRight&quot;}\">\n\t\t\t<div class=\"elementor-widget-wrap\">\n\t\t\t\t\t\t\t\t\t<\/div>\n\t\t<\/div>\n\t\t\t\t\t\t\t<\/div>\n\t\t<\/section>\n\t\t\t\t<section class=\"elementor-section elementor-top-section elementor-element elementor-element-b2cc2d8 elementor-section-boxed elementor-section-height-default elementor-section-height-default\" data-id=\"b2cc2d8\" data-element_type=\"section\">\n\t\t\t\t\t\t<div class=\"elementor-container elementor-column-gap-default\">\n\t\t\t\t\t<div class=\"elementor-column elementor-col-100 elementor-top-column elementor-element elementor-element-0e6067f\" data-id=\"0e6067f\" data-element_type=\"column\">\n\t\t\t<div class=\"elementor-widget-wrap elementor-element-populated\">\n\t\t\t\t\t\t\t\t<div class=\"elementor-element elementor-element-33e8ed1 elementor-align-center elementor-widget elementor-widget-button\" data-id=\"33e8ed1\" data-element_type=\"widget\" data-widget_type=\"button.default\">\n\t\t\t\t<div class=\"elementor-widget-container\">\n\t\t\t\t\t<div class=\"elementor-button-wrapper\">\n\t\t\t<a href=\"https:\/\/contact.com\/\" class=\"elementor-button-link elementor-button elementor-size-md\" role=\"button\">\n\t\t\t\t\t\t<span class=\"elementor-button-content-wrapper\">\n\t\t\t\t\t\t<span class=\"elementor-button-text\">Contactez-nous<\/span>\n\t\t<\/span>\n\t\t\t\t\t<\/a>\n\t\t<\/div>\n\t\t\t\t<\/div>\n\t\t\t\t<\/div>\n\t\t\t\t\t<\/div>\n\t\t<\/div>\n\t\t\t\t\t\t\t<\/div>\n\t\t<\/section>\n\t\t\t\t\t\t<\/div>\n\t\t\t\t\t<\/div>\n\t\t","protected":false},"excerpt":{"rendered":"<p>Formations Certifiantes La formation est aujourd&#8217;hui un sujet cl\u00e9 pour la r\u00e9ussite. Notre offre de formation s&#8217;adresse \u00e0 toute personne et \u00e0 toute entreprise d\u00e9sireuse [&#8230;]<\/p>\n","protected":false},"author":1,"featured_media":0,"parent":0,"menu_order":0,"comment_status":"closed","ping_status":"closed","template":"templates\/template-no-title.php","meta":{"footnotes":""},"class_list":["post-324","page","type-page","status-publish","hentry"],"yoast_head":"<!-- This site is optimized with the Yoast SEO plugin v17.5 - https:\/\/yoast.com\/wordpress\/plugins\/seo\/ -->\n<title>Formations Certifiantes - Forcomm<\/title>\n<meta name=\"robots\" content=\"index, follow, max-snippet:-1, max-image-preview:large, max-video-preview:-1\" \/>\n<link rel=\"canonical\" href=\"https:\/\/webmaster.bmperp.com\/index.php\/formations-certifiantes\/\" \/>\n<meta property=\"og:locale\" content=\"fr_FR\" \/>\n<meta property=\"og:type\" content=\"article\" \/>\n<meta property=\"og:title\" content=\"Formations Certifiantes - Forcomm\" \/>\n<meta property=\"og:description\" content=\"Formations Certifiantes La formation est aujourd&#8217;hui un sujet cl\u00e9 pour la r\u00e9ussite. Notre offre de formation s&#8217;adresse \u00e0 toute personne et \u00e0 toute entreprise d\u00e9sireuse [...]\" \/>\n<meta property=\"og:url\" content=\"https:\/\/webmaster.bmperp.com\/index.php\/formations-certifiantes\/\" \/>\n<meta property=\"og:site_name\" content=\"Forcomm\" \/>\n<meta property=\"article:modified_time\" content=\"2021-11-15T21:42:59+00:00\" \/>\n<meta name=\"twitter:card\" content=\"summary_large_image\" \/>\n<meta name=\"twitter:label1\" content=\"Dur\u00e9e de lecture est.\" \/>\n\t<meta name=\"twitter:data1\" content=\"1 minute\" \/>\n<script type=\"application\/ld+json\" class=\"yoast-schema-graph\">{\"@context\":\"https:\/\/schema.org\",\"@graph\":[{\"@type\":\"WebSite\",\"@id\":\"http:\/\/webmaster.bmperp.com\/#website\",\"url\":\"http:\/\/webmaster.bmperp.com\/\",\"name\":\"Forcomm\",\"description\":\"OPTIMISTE\",\"potentialAction\":[{\"@type\":\"SearchAction\",\"target\":{\"@type\":\"EntryPoint\",\"urlTemplate\":\"http:\/\/webmaster.bmperp.com\/?s={search_term_string}\"},\"query-input\":\"required name=search_term_string\"}],\"inLanguage\":\"fr-FR\"},{\"@type\":\"WebPage\",\"@id\":\"https:\/\/webmaster.bmperp.com\/index.php\/formations-certifiantes\/#webpage\",\"url\":\"https:\/\/webmaster.bmperp.com\/index.php\/formations-certifiantes\/\",\"name\":\"Formations Certifiantes - Forcomm\",\"isPartOf\":{\"@id\":\"http:\/\/webmaster.bmperp.com\/#website\"},\"datePublished\":\"2021-10-17T19:28:03+00:00\",\"dateModified\":\"2021-11-15T21:42:59+00:00\",\"breadcrumb\":{\"@id\":\"https:\/\/webmaster.bmperp.com\/index.php\/formations-certifiantes\/#breadcrumb\"},\"inLanguage\":\"fr-FR\",\"potentialAction\":[{\"@type\":\"ReadAction\",\"target\":[\"https:\/\/webmaster.bmperp.com\/index.php\/formations-certifiantes\/\"]}]},{\"@type\":\"BreadcrumbList\",\"@id\":\"https:\/\/webmaster.bmperp.com\/index.php\/formations-certifiantes\/#breadcrumb\",\"itemListElement\":[{\"@type\":\"ListItem\",\"position\":1,\"name\":\"Accueil\",\"item\":\"http:\/\/webmaster.bmperp.com\/\"},{\"@type\":\"ListItem\",\"position\":2,\"name\":\"Formations Certifiantes\"}]}]}<\/script>\n<!-- \/ Yoast SEO plugin. -->","yoast_head_json":{"title":"Formations Certifiantes - Forcomm","robots":{"index":"index","follow":"follow","max-snippet":"max-snippet:-1","max-image-preview":"max-image-preview:large","max-video-preview":"max-video-preview:-1"},"canonical":"https:\/\/webmaster.bmperp.com\/index.php\/formations-certifiantes\/","og_locale":"fr_FR","og_type":"article","og_title":"Formations Certifiantes - Forcomm","og_description":"Formations Certifiantes La formation est aujourd&#8217;hui un sujet cl\u00e9 pour la r\u00e9ussite. Notre offre de formation s&#8217;adresse \u00e0 toute personne et \u00e0 toute entreprise d\u00e9sireuse [...]","og_url":"https:\/\/webmaster.bmperp.com\/index.php\/formations-certifiantes\/","og_site_name":"Forcomm","article_modified_time":"2021-11-15T21:42:59+00:00","twitter_card":"summary_large_image","twitter_misc":{"Dur\u00e9e de lecture est.":"1 minute"},"schema":{"@context":"https:\/\/schema.org","@graph":[{"@type":"WebSite","@id":"http:\/\/webmaster.bmperp.com\/#website","url":"http:\/\/webmaster.bmperp.com\/","name":"Forcomm","description":"OPTIMISTE","potentialAction":[{"@type":"SearchAction","target":{"@type":"EntryPoint","urlTemplate":"http:\/\/webmaster.bmperp.com\/?s={search_term_string}"},"query-input":"required name=search_term_string"}],"inLanguage":"fr-FR"},{"@type":"WebPage","@id":"https:\/\/webmaster.bmperp.com\/index.php\/formations-certifiantes\/#webpage","url":"https:\/\/webmaster.bmperp.com\/index.php\/formations-certifiantes\/","name":"Formations Certifiantes - Forcomm","isPartOf":{"@id":"http:\/\/webmaster.bmperp.com\/#website"},"datePublished":"2021-10-17T19:28:03+00:00","dateModified":"2021-11-15T21:42:59+00:00","breadcrumb":{"@id":"https:\/\/webmaster.bmperp.com\/index.php\/formations-certifiantes\/#breadcrumb"},"inLanguage":"fr-FR","potentialAction":[{"@type":"ReadAction","target":["https:\/\/webmaster.bmperp.com\/index.php\/formations-certifiantes\/"]}]},{"@type":"BreadcrumbList","@id":"https:\/\/webmaster.bmperp.com\/index.php\/formations-certifiantes\/#breadcrumb","itemListElement":[{"@type":"ListItem","position":1,"name":"Accueil","item":"http:\/\/webmaster.bmperp.com\/"},{"@type":"ListItem","position":2,"name":"Formations Certifiantes"}]}]}},"_links":{"self":[{"href":"https:\/\/webmaster.bmperp.com\/index.php\/wp-json\/wp\/v2\/pages\/324","targetHints":{"allow":["GET"]}}],"collection":[{"href":"https:\/\/webmaster.bmperp.com\/index.php\/wp-json\/wp\/v2\/pages"}],"about":[{"href":"https:\/\/webmaster.bmperp.com\/index.php\/wp-json\/wp\/v2\/types\/page"}],"author":[{"embeddable":true,"href":"https:\/\/webmaster.bmperp.com\/index.php\/wp-json\/wp\/v2\/users\/1"}],"replies":[{"embeddable":true,"href":"https:\/\/webmaster.bmperp.com\/index.php\/wp-json\/wp\/v2\/comments?post=324"}],"version-history":[{"count":17,"href":"https:\/\/webmaster.bmperp.com\/index.php\/wp-json\/wp\/v2\/pages\/324\/revisions"}],"predecessor-version":[{"id":937,"href":"https:\/\/webmaster.bmperp.com\/index.php\/wp-json\/wp\/v2\/pages\/324\/revisions\/937"}],"wp:attachment":[{"href":"https:\/\/webmaster.bmperp.com\/index.php\/wp-json\/wp\/v2\/media?parent=324"}],"curies":[{"name":"wp","href":"https:\/\/api.w.org\/{rel}","templated":true}]}}